50.
20
What is the remainder when 903 is divided by 8?
7
What is the remainder when 20465 is divided by 211?
209
What is the remainder when 9862 is divided by 9?
7
What is the remainder when 5739 is divided by 41?
40
Calculate the remainder when 87 is divided by 20.
7
What is the remainder when 101 is divided by 92?
9
What is the remainder when 51 is divided by 11?
7
Calculate the remainder when 6986 is divided by 241.
238
Calculate the remainder when 94 is divided by 57.
37
What is the remainder when 29765 is divided by 8?
5
Calculate the remainder when 2407 is divided by 67.
62
What is the remainder when 755 is divided by 33?
29
Calculate the remainder when 318 is divided by 102.
12
Calculate the remainder when 668 is divided by 208.
44
What is the remainder when 1860 is divided by 85?
75
What is the remainder when 578 is divided by 20?
18
Calculate the remainder when 181 is divided by 164.
17
What is the remainder when 5837 is divided by 9?
5
Calculate the remainder when 212 is divided by 129.
83
What is the remainder when 31 is divided by 26?
5
What is the remainder when 146 is divided by 37?
35
What is the remainder when 1558 is divided by 13?
11
Calculate the remainder when 676 is divided by 634.
42
What is the remainder when 26 is divided by 16?
10
What is the remainder when 530 is divided by 179?
172
Calculate the remainder when 269 is divided by 6.
5
Calculate the remainder when 228 is divided by 72.
12
What is the remainder when 1637 is divided by 20?
17
What is the remainder when 208 is divided by 3?
1
What is the remainder when 49 is divided by 27?
22
What is the remainder when 859 is divided by 12?
7
What is the remainder when 2 is divided by 2?
0
What is the remainder when 354 is divided by 53?
36
What is the remainder when 1142 is divided by 304?
230
Calculate the remainder when 609 is divided by 51.
48
Calculate the remainder when 86522 is divided by 191.
190
What is the remainder when 19 is divided by 1?
0
What is the remainder when 668 is divided by 12?
8
What is the remainder when 875 is divided by 76?
39
Calculate the remainder when 61 is divided by 49.
12
What is the remainder when 298 is divided by 4?
2
What is the remainder when 13569 is divided by 26?
23
What is the remainder when 909 is divided by 16?
13
Calculate the remainder when 154 is divided by 16.
10
What is the remainder when 547 is divided by 171?
34
What is the remainder when 126335 is divided by 128?
127
Calculate the remainder when 1805 is divided by 499.
308
Calculate the remainder when 527 is divided by 90.
77
What is the remainder when 291 is divided by 61?
47
What is the remainder when 1722 is divided by 157?
152
Calculate the remainder when 84 is divided by 22.
18
What is the remainder when 33 is divided by 11?
0
What is the remainder when 107 is divided by 29?
20
Calculate the remainder when 503 is divided by 42.
41
What is the remainder when 6146 is divided by 205?
201
Calculate the remainder when 1421 is divided by 466.
23
Calculate the remainder when 1304 is divided by 145.
144
Calculate the remainder when 250 is divided by 21.
19
What is the remainder when 6610 is divided by 29?
27
What is the remainder when 305 is divided by 142?
21
Calculate the remainder when 4003 is divided by 44.
43
What is the remainder when 1495 is divided by 12?
7
What is the remainder when 128 is divided by 38?
14
Calculate the remainder when 959 is divided by 319.
2
What is the remainder when 285 is divided by 26?
25
Calculate the remainder when 223 is divided by 5.
3
What is the remainder when 124 is divided by 66?
58
Calculate the remainder when 6872 is divided by 14.
12
What is the remainder when 63 is divided by 19?
6
Calculate the remainder when 233 is divided by 47.
45
Calculate the remainder when 388 is divided by 10.
8
Calculate the remainder when 252 is divided by 17.
14
What is the remainder when 112 is divided by 44?
24
Calculate the remainder when 1101 is divided by 198.
111
What is the remainder when 600 is divided by 32?
24
What is the remainder when 423 is divided by 158?
107
Calculate the remainder when 297 is divided by 10.
7
What is the remainder when 2523 is divided by 63?
3
Calculate the remainder when 146 is divided by 31.
22
Calculate the remainder when 659 is divided by 308.
43
What is the remainder when 1883 is divided by 12?
11
What is the remainder when 438 is divided by 198?
42
Calculate the remainder when 528 is divided by 59.
56
Calculate the remainder when 97 is divided by 63.
34
What is the remainder when 289 is divided by 82?
43
What is the remainder when 156 is divided by 11?
2
What is the remainder when 517 is divided by 44?
33
What is the remainder when 593 is divided by 83?
12
Calculate the remainder when 1331 is divided by 392.
155
What is the remainder when 19690 is divided by 97?
96
Calculate the remainder when 3803 is divided by 318.
305
What is the remainder when 70 is divided by 18?
16
Calculate the remainder when 52 is divided by 26.
0
What is the remainder when 457 is divided by 74?
13
What is the remainder when 85 is divided by 14?
1
Calculate the remainder when 98 is divided by 4.
2
Calculate the remainder when 5448 is divided by 218.
216
Calculate the remainder when 389 is divided by 18.
11
Calculate the remainder when 6495 is divided by 14.
13
What is the remainder when 37 is divided by 12?
1
Calculate the remainder when 64 is divided by 39.
25
What is the remainder when 1618 is divided by 45?
43
Calculate the remainder when 509 is divided by 73.
71
What is the remainder when 8110 is divided by 2702?
4
Calculate the remainder when 165 is divided by 58.
49
What is the remainder when 800 is divided by 5?
0
What is the remainder when 737 is divided by 123?
122
Calculate the remainder when 168 is divided by 77.
14
What is the remainder when 132 is divided by 75?
57
What is the remainder when 503 is divided by 249?
5
Calculate the remainder when 477 is divided by 192.
93
Calculate the remainder when 4226 is divided by 94.
90
Calculate the remainder when 525 is divided by 17.
15
Calculate the remainder when 34 is divided by 6.
4
What is the remainder when 582 is divided by 362?
220
Calculate the remainder when 4163 is divided by 119.
117
Calculate the remainder when 13361 is divided by 23.
21
What is the remainder when 408 is divided by 164?
80
What is the remainder when 185 is divided by 11?
9
Calculate the remainder when 32829 is divided by 10.
9
Calculate the remainder when 228 is divided by 23.
21
Calculate the remainder when 206 is divided by 46.
22
What is the remainder when 657 is divided by 14?
13
Calculate the remainder when 5230 is divided by 68.
62
What is the remainder when 6588 is divided by 22?
10
What is the remainder when 95 is divided by 36?
23
What is the remainder when 2685 is divided by 112?
109
What is the remainder when 315 is divided by 53?
50
Calculate the remainder when 106 is divided by 56.
50
Calculate the remainder when 17 is divided by 7.
3
Calculate the remainder when 137 is divided by 30.
17
What is the remainder when 1427 is divided by 110?
107
Calculate the remainder when 119645 is divided by 138.
137
What is the remainder when 1060 is divided by 18?
16
What is the remainder when 505 is divided by 100?
5
Calculate the remainder when 424 is divided by 31.
21
What is the remainder when 87 is divided by 4?
3
Calculate the remainder when 567 is divided by 26.
21
What is the remainder when 517 is divided by 26?
23
Calculate the remainder when 4525 is divided by 905.
0
Calculate the remainder when 579 is divided by 58.
57
What is the remainder when 211 is divided by 5?
1
What is the remainder when 2150 is divided by 39?
5
Calculate the remainder when 202 is divided by 26.
20
Calculate the remainder when 342 is divided by 38.
0
Calculate the remainder when 445 is divided by 116.
97
Calculate the remainder when 745 is divided by 37.
5
What is the remainder when 38 is divided by 22?
16
What is the remainder when 569 is divided by 26?
23
Calculate the remainder when 17017 is divided by 93.
91
Calculate the remainder when 103 is divided by 21.
19
Calculate the remainder when 1294 is divided by 109.
95
Calculate the remainder when 186 is divided by 33.
21
Calculate the remainder when 24 is divided by 21.